6 - -8. Let h(l) = -3*l**2 + 2*l. Let d be h(s). Let j = d - -20. List the prime factors of j.
2, 3
Suppose 11*z = 17*z - 732. List the prime factors of z.
2, 61
Suppose 0 = 3*f - 158 - 466. What are the prime factors of f?
2, 13
Suppose -4*i - 68 = -2*l - 0*i, -5*l + i = -125. Suppose v - l = 4*n - 113, 3*v - 9 = 0. What are the prime factors of n?
23
Suppose -4*d + d + 12 = 0. Let y be 2*-1*6/d. What are the prime factors of 8/y*6/(-4)?
2
List the prime factors of (14/(-3))/(-7)*42.
2, 7
Let x be ((-1)/3 - -1)*36. Suppose 2*f - 6*f + x = 0. What are the prime factors of f?
2, 3
Let h(p) = 2*p - 2. Let s be h(5). Let y(o) = -2*o**2 + 0 + 4 + 10*o - 10 + o**2. List the prime factors of y(s).
2, 5
Let v(b) = -b. Let t be v(3). Let p = t + 24. What are the prime factors of p?
3, 7
Let v(j) = -j**2 - j + 2. Let b be v(-3). Let m be -2*1*2/b. List the prime factors of m/(1/(-2))*-2.
2
Suppose 1 = -2*f + 7. What are the prime factors of f?
3
Let n(o) = o**2 - 3*o + 26. List the prime factors of n(-6).
2, 5
Suppose 5*t + 4*f + 123 = -0*t, 5*t - 2*f = -111. Let y = -11 - t. What are the prime factors of y?
2, 3
Let x(b) = -b**2 + 75. List the prime factors of x(0).
3, 5
Let k = 10 + -7. Let a be (-4)/(-3)*3/2. Suppose 11 = a*n + q + k, n = -q + 6. List the prime factors of n.
2
Suppose 4*d - 6*d - 2*u = 18, 2*u + 11 = -d. Let y = d - -19. What are the prime factors of y?
2, 3
Let v(k) = 5*k + 4*k + 3 - 2. Let o be 0 + -1 + 3 + -1. What are the prime factors of v(o)?
2, 5
List the prime factors of (-2)/(-13) + (-5014)/(-26).
193
Let h = 15 - 10. Suppose 0 = -h*b + b + 56. List the prime factors of b.
2, 7
Let o be (-80)/(-12)*72/(-10). Let f = -30 - o. What are the prime factors of f?
2, 3
Let m be 5*((-21)/(-15) + -1). Suppose -13 = -5*l + 2*r, -l = m*l + 5*r - 14. Suppose -l*x + 21 = -9. List the prime factors of x.
2, 5
Let s(k) = 28*k**3 + 3*k - 2. Let q be s(2). Suppose -5*x - 23 = -4*o + q, x + 62 = o. What are the prime factors of o?
59
Let f(o) = -o**3 - o**2 + 3. Let r be f(0). Let y = 7 - r. Let i = y - 0. List the prime factors of i.
2
Let t(x) = -4*x**2 - 36*x + 25. Let j(r) = -r**2 - 9*r + 6. Let m(l) = 9*j(l) - 2*t(l). What are the prime factors of m(-8)?
2, 3
Let f be (-6)/(-9) - (-23)/(-3). Let k(j) = -j**3 - 7*j**2 + j - 2. Let i be k(f). Let w = -3 - i. List the prime factors of w.
2, 3
Let g(c) = -c**2 - 15*c - 12. Let h(i) = -4*i**2 + 2*i + 2. Let j be h(2). What are the prime factors of g(j)?
2, 19
Let i be -131 + (-1 + 2 - 2). Let a be i/(-16) - (-2)/(-8). Let n = 15 - a. What are the prime factors of n?
7
Let c = -62 + 87. Suppose -3*q - 3*j + 32 = -8*j, -5*j = -c. What are the prime factors of q?
19
Let h = -7 + 24. What are the prime factors of h?
17
Let k be (-49)/(-21) - (-4)/6. Suppose -k*r = 13 - 28. List the prime factors of r.
5
Let j(b) = -b + 1. Let d be j(-1). Let t(u) = 0*u + 1 - 2*u + d*u**3 + 4*u**2 - u**3. List the prime factors of t(-4).
3
What are the prime factors of ((-65)/10 - -3)*(-94)/1?
7, 47
Let o be (3 + -5)*(-2)/4. Let g(l) = -l + 1. Let h be g(2). List the prime factors of 34/2 + (h - o).
3, 5
Let p(s) = -2*s**2 - 5*s - 3. Let k be p(-3). Let g = -38 + 53. List the prime factors of (4/(-5))/(k/g).
2
Let t(f) = -f**3 + 16*f**2 - f + 12. Let w be t(16). List the prime factors of (-3)/((4/5)/w).
3, 5
Let l(g) = 3*g**3 - 16*g**2 - 4*g - 9. What are the prime factors of l(7)?
2, 13
Suppose -66 = -b + 2*b + 3*o, -4*o = -2*b - 112. List the prime factors of -9*4/b*25.
3, 5
Suppose -t = 24 - 73. List the prime factors of t.
7
Suppose -2*l = 2*p - 2, p - 5*l = 5*p - 3. Suppose -b - b = -8, -5*y = -p*b - 7. Suppose 87 = 5*g - y. What are the prime factors of g?
2, 3
Suppose -2*s - 5*o = -21, 2*o = -0*s - 3*s + 59. List the prime factors of s.
23
Suppose k - 3*k + 46 = 0. List the prime factors of k.
23
Suppose 2*m = 4*l - 0*m - 8, 0 = 4*l + 4*m - 32. Let o be 1/3 + (-68)/(-3). Suppose -q + g = -l*g + o, 3*q - 26 = -4*g. What are the prime factors of q?
2
Let j be ((-30)/25)/((-1)/10). Suppose 36 = 4*b - j. List the prime factors of b.
2, 3
Suppose 0*z = -z - 78. Let d = -44 - z. What are the prime factors of d?
2, 17
Let r(g) = -32*g - 46. What are the prime factors of r(-8)?
2, 3, 5, 7
Let o = 335 - 210. What are the prime factors of o?
5
Let b be -1 - (-3 + 1) - -2. Suppose 0 = -2*f + b*f - 8. Suppose 0 = p - f - 2. List the prime factors of p.
2, 5
What are the prime factors of (-1)/3*(0 + -6)?
2
Let f(p) = -p**3 + 7*p**2 - 2*p + 7. Let k be f(7). Let v(a) = -a**3 - 7*a**2 + 10. What are the prime factors of v(k)?
2, 5
Let c = 10 - 8. Suppose -c*j = 5*w - 62, w + 0*w + j = 10. Suppose 0 = -4*b - 4*z + 48, w = -3*b + 4*b + 3*z. List the prime factors of b.
11
Suppose -3 = -2*j + 11. What are the prime factors of (j/1 - 3) + 1?
5
Suppose 0 = 2*a - a - 5, 0 = 3*k + 5*a - 88. What are the prime factors of k?
3, 7
Let a = -19 + 55. What are the prime factors of a?
2, 3
Let k(h) be the second derivative of h**4/12 - h**3/6 + 2*h**2 - 6*h. Let n(z) = z + 2. Let y be n(-5). List the prime factors of k(y).
2
Suppose 0 = -11*x + 14*x - 618. List the prime factors of x.
2, 103
List the prime factors of (183 + 1 - -1) + (4 - 1).
2, 47
Suppose 7*m = 3*m + 160. What are the prime factors of m?
2, 5
Suppose 0*n = -2*n + 18. List the prime factors of n.
3
Let y(b) = 2*b + 4*b - 3*b. Let k = 11 + -7. What are the prime factors of y(k)?
2, 3
Suppose -4*d + 154 = -898. What are the prime factors of d?
263
Let q = -51 + 78. Suppose 34 = 4*s - j - 2, 3*s - q = -2*j. What are the prime factors of s?
3
Let l(p) = -p**3 - 10*p**2 - 13*p - 9. Suppose 17 = -3*t + 5*h, -2*h = -0*h + 4. What are the prime factors of l(t)?
3
Let j = 15 + -15. Suppose j = 5*h - 27 - 148. What are the prime factors of h?
5, 7
List the prime factors of 286/9 + (-4)/(-18).
2
Suppose 2*s - 105 = -2*z - 27, z - 51 = -4*s. What are the prime factors of z?
5, 7
Let f(q) = -q**3 - q**2 + 2. Let v be f(0). Suppose -s + v*r = -18, -21 = -2*s + r + 6. List the prime factors of s.
2, 3
What are the prime factors of (-1)/1 - 15/(-5)?
2
Let b = -15 + 26. Suppose -3*c - 4*k = 1, 10*c - 5*c = -2*k - b. What are the prime factors of (1 + c)*-1 + 7?
3
Let u be -2 - 1 - -1 - -2. Suppose u = l - 0*l - 6. Suppose 4*o - l*o + 10 = 0. What are the prime factors of o?
5
Let x(d) = -3*d**2 + d + 2. Let v be x(2). Let o(u) = u**2 + 2*u - 5. Let p be o(4). Let h = v + p. What are the prime factors of h?
11
Let q(k) = -k**2 + 5*k - 4. Let y(n) = -n + 3. Let w be y(0). List the prime factors of q(w).
2
Let g(r) = -r**3 + 17*r**2 - 18*r + 13. List the prime factors of g(15).
193
Suppose 0 = 5*l + 5, 2*v + 3*l + 0*l - 35 = 0. List the prime factors of v.
19
Suppose 0*f - 2 = -f. Suppose f*r + 2*w - 7 = -r, 13 = 5*r + 2*w. What are the prime factors of r?
3
Suppose 15*o - 54 = 14*o. What are the prime factors of o?
2, 3
Let l = 47 - -44. List the prime factors of l.
7, 13
Suppose -4 + 0 = -f. List the prime factors of f.
2
Let s(q) be the third derivative of q**7/1680 - q**6/144 + q**5/60 + q**2. Let c(l) be the third derivative of s(l). List the prime factors of c(5).
2, 5
Suppose -4*l = -147 - 45. Let w = l - -7. Suppose -9 = -4*s + w. What are the prime factors of s?
2
Suppose 19*o = 15*o - 560. List the prime factors of 3*(o/(-12) - 1).
2
Let f = -14 + 42. Suppose -3*c + f = -2. What are the prime factors of c?
2, 5
Suppose 5*j + 3*c + 7 = 0, -j + 0*j + 1 = 3*c. Let h be (j/(-4))/(4/8). List the prime factors of 2*26/4 - h.
2, 3
Suppose 5*l = 4*u - 725, 2*l + 42 = u - 140. Suppose 0*g - 4*g - u = -4*j, 4*j - 5*g = 185. What are the prime factors of j?
2, 5
Suppose r - 17 = -n - 2*n, -r + 25 = 5*n. Suppose 20 = j - 5*c, r*j + 5*c - 40 = -0*j. What are the prime factors of (-4)/j - (-62)/5?
2, 3
Suppose -v = -2*p - 4, -2*v - 2*v + 5*p = -7. Let n be -1 + (6 - (0 + 0)). What are the prime factors of (v - (-8)/n)*-5?
2
Suppose -5*l + 11 = -4. List the prime factors of l/2*(-64)/(-12).
2
Suppose 7*x + 210 = 12*x. Suppose 6 - 31 = -5*n. Suppose 4*z - x = -4*w + z, -z - 43 = -n*w. List the prime factors of w.
3
What are the prime factors of (159 - 0)/(-4*(-3)/12)?
3, 53
Let f(a) = 43*a + 59. What are the prime factors of f(6)?
317
Let j(o) = -o**2 + 8*o + 2. Let p be j(8). Let q = p -